5
What are the prime factors of 801/(-2)*-2*1?
3, 89
What are the prime factors of ((18 + -5)/26)/(2/18884)?
4721
Suppose 3*k = 145 + 128. Let y(p) = 9*p**3 + 0*p - k - 2*p**2 + p + 87. What are the prime factors of y(2)?
2, 31
Let d = -19 + 153. What are the prime factors of d?
2, 67
Suppose -2*r + 5 = -1. Suppose 2 = -r*k + 4*k. Suppose -k*p + 223 = 2*p - w, 0 = -p + 5*w + 70. What are the prime factors of p?
5, 11
Let m(w) = -9 - 2*w**2 - 7*w + w**2 + 4 + 0*w**2. Let a be m(-8). Let d = a + 23. What are the prime factors of d?
2, 5
Let v = 1709 - 809. What are the prime factors of v?
2, 3, 5
Suppose 3*w + 0*w - 60 = -3*c, -40 = -3*c + w. What are the prime factors of (-26616)/(-180) + ((-2)/c)/(-1)?
2, 37
Let w = -18 + 17. Let n be w/(((-4)/108)/1). What are the prime factors of 0 + -1 - (-2 - n)?
2, 7
Suppose -3*z = 15, 0*z - 4*z - 10 = -5*t. What are the prime factors of (-6 + -16)/(t/5)?
5, 11
Suppose -9 = -4*c + 11. Suppose -g = -0*h - 5*h - 17, 22 = c*g - 4*h. What are the prime factors of g?
2
Suppose -38*b + 3516 = -26*b. What are the prime factors of b?
293
Suppose 5*h + 14 = -6. What are the prime factors of (-1 - 10/h)/((-12)/(-1128))?
3, 47
Let l(m) = m**3 + m**2 - m. Let n be l(2). List the prime factors of (-1 + (-594)/n)/(13/(-65)).
2, 151
Let m = -101 + 143. List the prime factors of ((-6)/(-7))/((-33)/m + 1).
2
Suppose -2*u - 11 = -5*q, -q + 14 - 3 = 4*u. Suppose -q*x = x. Suppose -5*z + 3*s - 16 + 96 = x, -3*z - 5*s + 14 = 0. List the prime factors of z.
13
Suppose -w = -5*z - 20, -3*z - w - 20 = 2*z. Let s = 5 - 5. List the prime factors of (-795)/(-15) + (z - s).
7
Let u(l) = 35*l**2 + 31*l + 12. List the prime factors of u(-5).
2, 3, 61
Suppose 3*n - 5*f = 26, 6*n + 4*f = 2*n - 8. Suppose -4*d + n = -3*d. Suppose -4*x = -d - 14. List the prime factors of x.
2
Let c = -97 - -182. Suppose 14*g - 15*g + c = 0. List the prime factors of g.
5, 17
Let r be (4/2)/(16/312). Suppose -5*h - 59 = -x, x - r - 24 = h. What are the prime factors of x?
2
Suppose -29*s = -32*s + 444. List the prime factors of s.
2, 37
Suppose -5*u - i + 2902 = 0, 0*i + 2322 = 4*u + i. What are the prime factors of u?
2, 5, 29
Let r(s) = s**2 + 8*s + 19. Suppose 0 = -a - a. Suppose a = 5*g - 0 + 55. List the prime factors of r(g).
2, 13
Let v = -342 + 830. List the prime factors of v.
2, 61
Let k = -87 + 90. Suppose 0*f = 5*f + 3*m - 997, 0 = 4*f - k*m - 803. List the prime factors of f.
2, 5
Let a(n) = -n**2 - 10*n - 10. Suppose -b - 4 = -2*b, -t + 2*b - 15 = 0. Let k be a(t). Suppose 3 = -4*h + k. What are the prime factors of h?
2
Let s(j) be the first derivative of j**3/3 + j**2 - 4*j - 4. Let t(v) be the first derivative of s(v). List the prime factors of t(8).
2, 3
Let i = 9 - -11. Let m = 15 + i. Suppose t + 4*t - m = 0. What are the prime factors of t?
7
Suppose 3*c = -4*c + 28. What are the prime factors of (10/c)/5 + (-342)/(-12)?
29
Let a be 36/(-54) - 26/(-3). Let z = a + 54. What are the prime factors of z?
2, 31
Suppose 0 = -154*f + 146*f + 15056. List the prime factors of f.
2, 941
Let s(b) = 2*b - 5. Let f be s(11). Let r = f - 17. Suppose 5*v + 3 - 33 = r. What are the prime factors of v?
2, 3
Let f = 219 + 128. List the prime factors of f.
347
Let k(j) = 112*j + 112. Let v(s) = -7*s - 7. Let u(o) = 3*k(o) + 49*v(o). Suppose 6 = -3*y, 3*r - r = 3*y - 4. What are the prime factors of u(r)?
2, 7
Let w(s) = -s + 7. Suppose 2*d - 4*d = 0. Let h be w(d). Let v = 20 - h. List the prime factors of v.
13
Let y = 139 - -282. Suppose -x + 4*m = -77, -m = 5*x - 3*m - y. Suppose 6*i - 2*i = -3*b + x, 4*i - b - 73 = 0. List the prime factors of i.
19
Suppose -5*c = -3*c + 3*o, -5*c - 3*o + 9 = 0. Let k(g) = -8*g - 4. Let x(a) = -8*a - 3. Let d(r) = 4*k(r) - 5*x(r). List the prime factors of d(c).
23
Let k(a) = a + 16. Let l be k(-12). Let g(v) = 2*v**2 - 5*v + 6. Let u be g(4). Let i = u - l. List the prime factors of i.
2, 7
Suppose -5*h + 2*h - 2*n + 17 = 0, 4*h = 3*n. List the prime factors of (h - (-4 + -83)) + 1.
7, 13
Let u(r) = r**3 - 3*r - 5. Let i be (0 + 0)/(-9 - -5). Suppose i*l - 4*v - 24 = -3*l, v = -3. What are the prime factors of u(l)?
47
Let j(k) = 4*k**3 + 21*k**2 - 55*k - 10. Let z(y) = 3*y**3 + 14*y**2 - 37*y - 7. Let t(b) = -5*j(b) + 7*z(b). List the prime factors of t(7).
113
Suppose g = -0*g - 9. Suppose 137 = 3*r + 6*m - 2*m, -207 = -5*r + 4*m. Let w = g + r. List the prime factors of w.
2, 17
Let n(d) = 62*d**2 - 2 - 61*d**2 + 2*d + 5. Let l be n(-4). Let m = l + -6. List the prime factors of m.
5
Let x be (-1)/(-2*2/516). Suppose 0 = x*o - 125*o - 640. List the prime factors of o.
2, 5
Suppose -x = 5*u + 4*x - 55, -2*x - 2 = -u. Let o = u + 13. Suppose -39 = -3*g + o. What are the prime factors of g?
2, 5
Let k = 175 + -171. Let l be 2/4*0/1. Suppose 2*d - d - 2*m = k, 3*m + 3 = l. What are the prime factors of d?
2
What are the prime factors of (9328/(-2 + 6))/2?
2, 11, 53
Suppose 0 = 207*r - 214*r + 17626. List the prime factors of r.
2, 1259
What are the prime factors of 6*(-3)/((-12)/76)?
2, 3, 19
Let p be -4*(9/(-4))/9. Let m be p/(-2)*(-11 + 9). Suppose 2*a + 3*o = 57, 2*a - 52 - m = o. List the prime factors of a.
3
Suppose 35*i - 38*i + 1080 = 0. What are the prime factors of i?
2, 3, 5
Let w = -235 + 322. What are the prime factors of w?
3, 29
Let s = 2321 - 1472. List the prime factors of s.
3, 283
Suppose -7*t - t = -4088. What are the prime factors of t?
7, 73
Let r(a) = -4*a**2 + 3 + 5*a**2 + a**2 + a. Let p be r(2). Suppose -3*g + p + 77 = 0. List the prime factors of g.
2, 3, 5
Let o(p) = p**2 + 5*p + 3. Let n be o(-7). Let l be ((-1)/3)/((-3)/63). Let x = n + l. List the prime factors of x.
2, 3
Let a(h) = h**3 - 12*h**2 + 35*h + 38. List the prime factors of a(16).
2, 811
Let d = -10 - 8. Let a = d - -17. List the prime factors of (0 - a)/(2/18).
3
Suppose 3*v = -3*r + 12, -3*r + 2*r + 5*v = 2. List the prime factors of ((-177)/r)/(2 - 3).
59
Suppose s + 1300 = 14*s. List the prime factors of s.
2, 5
Let c = -44 - -62. Let f(h) = 5*h + 1. List the prime factors of f(c).
7, 13
Suppose 5*v - 4*v = 0. Suppose 0*c - c + 234 = 3*a, v = -4*c. Suppose 4*l = a + 10. List the prime factors of l.
2, 11
Suppose 0 = -5*w + 3*w - 12. Let n = 41 + w. Let j = 53 - n. List the prime factors of j.
2, 3
Suppose 9 = b + 3*b + a, -2*b + 2 = -2*a. Suppose 0 = b*f - 29 - 109. Let o = -41 + f. List the prime factors of o.
2, 7
Suppose 0*o = 5*o. Let g be 42/10 + (-3)/15. Suppose -z - 5*k - 10 = o, 3*z - z = g*k + 22. List the prime factors of z.
5
Let d = 50 + -46. List the prime factors of 82 + d/10 + (-14)/10.
3
Suppose 0 = -3*n + n - 60. Let a = 50 + n. Suppose -i = i - a. List the prime factors of i.
2, 5
Let h be 3/2*(-1970)/15. Let c = -67 - h. List the prime factors of c.
2, 5, 13
Suppose 5*r = -3*y + 923, -14*y + 12*y = -r - 637. List the prime factors of y.
2, 79
Let o(p) be the third derivative of -1/120*p**6 + 3/20*p**5 - 2/3*p**3 + 0 + 0*p + 1/2*p**4 - 2*p**2. List the prime factors of o(10).
2
Let j(w) be the second derivative of 5*w**3/6 - w**2 + w. Suppose -3*v + 0 + 6 = 0. What are the prime factors of j(v)?
2
Suppose g = -0*g. Let m = g + 5. Let w(d) = d**2 - 2*d - 5. What are the prime factors of w(m)?
2, 5
Let z = 575 + -225. What are the prime factors of z?
2, 5, 7
Let b(p) = -4*p**2 + 5. Let d(c) = c**2. Let f(z) = b(z) + 3*d(z). Let m be f(-3). Let g = 28 + m. List the prime factors of g.
2, 3
Let p(r) = -r - 1. Let n(j) = j**2 - j - 10. Let o(m) = 2*m**2 - 2*m - 20. Let g(s) = 5*n(s) - 2*o(s). Let k be g(0). List the prime factors of p(k).
3
Suppose -u - 150 = -y + 230, -2*u + 2 = 0. Suppose -y + 6 = 3*m. What are the prime factors of m/(-20) + (-2)/8?
2, 3
Let i = -321 + 393. What are the prime factors of i?
2, 3
Let r be 0 - 2*62/(-4). Suppose -x = -2*x + r. List the prime factors of x.
31
Let c = 128 - 130. List the prime factors of (3*57/(-27))/(c/6).
19
Suppose j + 47*j = 121776. List the prime factors of j.
43, 59
Suppose 2*r = -2*r - 3*l - 25, 5*r + 17 = l. List the prime factors of (4/(80/745))/((-1)/r).
149
Let x = -569 + 2001. List the prime factors of x.
2, 179
Suppose 0 = 5*y + 5*n, 0*y = -3*y + n + 12. Let r be 9/2 + 2/4. Suppose r*v - 3*c = 110, -3*v + v = y*c - 23. What are the prime fact